What are the prime factors of 184243248?
2, 3, 7, 23, 883
List the prime factors of 126923146.
2, 7, 9065939
List the prime factors of 132400880.
2, 5, 23, 47, 1531
What are the prime factors of 854122141?
13313, 64157
What are the prime factors of 9056226?
2, 3, 1509371
List the prime factors of 854419827.
3, 397, 717397
What are the prime factors of 285007085?
5, 11, 5181947
List the prime factors of 3229055100.
2, 3, 5, 23, 47, 3319
List the prime factors of 7123428594.
2, 3, 395746033
What are the prime factors of 1156971758?
2, 578485879
What are the prime factors of 65836326?
2, 3, 89, 123289
List the prime factors of 2115661655.
5, 423132331
List the prime factors of 1708070.
2, 5, 7, 13, 1877
List the prime factors of 27129534.
2, 3, 53, 85313
What are the prime factors of 3324282255?
3, 5, 7, 17, 41, 103
What are the prime factors of 168714158?
2, 53, 59, 509
List the prime factors of 2625288064.
2, 7, 19, 154211
List the prime factors of 52103480.
2, 5, 11, 13, 9109
What are the prime factors of 1882545955?
5, 41, 53, 173267
What are the prime factors of 172045698?
2, 3, 11, 2606753
List the prime factors of 123428274.
2, 3, 20571379
List the prime factors of 594843265.
5, 37, 3215369
What are the prime factors of 160756592?
2, 59, 170293
List the prime factors of 167159028.
2, 3, 17, 819407
What are the prime factors of 6224286852?
2, 3, 7, 71, 331, 1051
What are the prime factors of 6597171?
3, 7, 104717
List the prime factors of 87453452.
2, 23, 313, 3037
What are the prime factors of 35910435?
3, 5, 11, 103, 2113
What are the prime factors of 780016578?
2, 3, 11, 97673
What are the prime factors of 815096289?
3, 7, 3779, 10271
List the prime factors of 23573588.
2, 37, 149, 1069
List the prime factors of 33213660.
2, 3, 5, 553561
List the prime factors of 81359159.
7, 19, 31, 2819
List the prime factors of 24867681.
3, 487, 17021
What are the prime factors of 17555645?
5, 17, 241, 857
What are the prime factors of 545318463?
3, 181772821
What are the prime factors of 174028810?
2, 5, 23, 71, 10657
List the prime factors of 79437429.
3, 326903
List the prime factors of 43747448.
2, 31, 176401
What are the prime factors of 184339881?
3, 11, 19, 10889
List the prime factors of 23016286.
2, 11508143
List the prime factors of 1789906245.
3, 5, 29, 761, 5407
List the prime factors of 19855557.
3, 735391
What are the prime factors of 30731894?
2, 15365947
List the prime factors of 281480070.
2, 3, 5, 9382669
What are the prime factors of 104697372?
2, 3, 13, 19, 35323
List the prime factors of 14199005.
5, 2839801
List the prime factors of 616314276.
2, 3, 3557, 4813
List the prime factors of 9234274.
2, 7, 659591
List the prime factors of 2786095075.
5, 1931, 57713
What are the prime factors of 8975363253?
3, 2991787751
What are the prime factors of 133473874?
2, 37, 1803701
What are the prime factors of 2205290461?
11, 19, 67, 103, 139
What are the prime factors of 63397161?
3, 29, 137, 197
List the prime factors of 2715404054.
2, 11, 123427457
What are the prime factors of 801198600?
2, 3, 5, 1335331
List the prime factors of 1275711252.
2, 3, 106309271
List the prime factors of 932077714.
2, 23, 1439, 14081
What are the prime factors of 230388108?
2, 3, 587, 32707
List the prime factors of 11588056.
2, 1129, 1283
List the prime factors of 51413076.
2, 3, 11, 13, 3329
List the prime factors of 7955624.
2, 994453
List the prime factors of 55036858.
2, 27518429
What are the prime factors of 1860661628?
2, 7, 17, 103, 37951
What are the prime factors of 2576072034?
2, 3, 73, 1960481
What are the prime factors of 378952530?
2, 3, 5, 11, 19, 3181
What are the prime factors of 786441165?
3, 5, 17, 3084083
What are the prime factors of 1778942806?
2, 223, 3988661
What are the prime factors of 487026985?
5, 71, 83, 16529
List the prime factors of 41890519.
11, 3808229
List the prime factors of 5612821885.
5, 11, 3169, 32203
What are the prime factors of 44437188?
2, 3, 139, 26641
What are the prime factors of 467269212?
2, 3, 193, 201757
What are the prime factors of 293139859?
29, 137, 73783
What are the prime factors of 1696154203?
439, 3863677
What are the prime factors of 44344924?
2, 13, 65599
List the prime factors of 86318829.
3, 59, 149, 1091
What are the prime factors of 2125107464?
2, 12251, 21683
List the prime factors of 525818274.
2, 3, 19, 311, 14831
What are the prime factors of 2408404359?
3, 23, 34904411
List the prime factors of 355252725.
3, 5, 37, 139, 307
List the prime factors of 2147943514.
2, 199, 229, 23567
List the prime factors of 64504625.
5, 73, 7069
What are the prime factors of 58228701?
3, 19409567
What are the prime factors of 132585932?
2, 101, 307, 1069
What are the prime factors of 258815853?
3, 19, 1513543
List the prime factors of 547933688.
2, 68491711
List the prime factors of 85952098.
2, 43, 73, 13691
What are the prime factors of 48770766?
2, 3, 11, 246317
What are the prime factors of 84256886?
2, 7, 41, 229, 641
What are the prime factors of 90166855?
5, 401, 44971
What are the prime factors of 172172308?
2, 7, 11, 559001
List the prime factors of 57714425.
5, 577, 4001
List the prime factors of 24200570.
2, 5, 1013, 2389
What are the prime factors of 919643174?
2, 53, 8675879
What are the prime factors of 134248265?
5, 26849653
What are the prime factors of 62463906?
2, 3, 19, 23, 2647
List the prime factors of 209829895.
5, 11, 17, 43, 307
List the prime factors of 541007105.
5, 443, 244247
List the prime factors of 42412804.
2, 7, 37, 40939
What are the prime factors of 48338095?
5, 13, 37, 101, 199
What are the prime factors of 22386042?
2, 3, 7, 17, 1493
What are the prime factors of 206190959?
13, 67, 236729
What are the prime factors of 104660334?
2, 3, 419, 13877
List the prime factors of 10940443.
10940443
What are the prime factors of 25030820?
2, 5, 197, 6353
List the prime factors of 1396935108.
2, 3, 41, 461, 2053
List the prime factors of 22403716.
2, 59, 1609
List the prime factors of 166256104.
2, 7, 2968859
List the prime factors of 890128750.
2, 5, 7, 23, 4423
List the prime factors of 48453861.
3, 16151287
What are the prime factors of 899839958?
2, 127, 3542677
What are the prime factors of 233169759?
3, 2878639
What are the prime factors of 62996072?
2, 1559, 5051
What are the prime factors of 908779468?
2, 12911, 17597
List the prime factors of 172232619.
3, 13, 4416221
What are the prime factors of 97291095?
3, 5, 11, 589643
What are the prime factors of 23670682?
2, 7, 59, 28657
List the prime factors of 2948286252.
2, 3, 245690521
What are the prime factors of 57447292?
2, 7, 2051689
What are the prime factors of 921344188?
2, 230336047
What are the prime factors of 37878239?
7, 5411177
List the prime factors of 73844119.
37, 1995787
What are the prime factors of 344033637?
3, 313, 366383
List the prime factors of 36589316.
2, 599, 15271
What are the prime factors of 328811321?
19, 107, 197, 821
List the prime factors of 417021304.
2, 7, 271, 27479
What are the prime factors of 687871405?
5, 13, 814049
What are the prime factors of 54115467?
3, 7, 397, 6491
What are the prime factors of 109577484?
2, 3, 19, 160201
List the prime factors of 77467882.
2, 157, 246713
List the prime factors of 74154126.
2, 3, 67, 184463
List the prime factors of 519847349.
7, 317, 234271
List the prime factors of 103795504.
2, 23, 282053
List the prime factors of 4642284.
2, 3, 47, 8231
What are the prime factors of 39876746?
2, 7, 13, 219103
What are the prime factors of 27899766?
2, 3, 1549987
List the prime factors of 739885168.
2, 11, 4203893
List the prime factors of 44150443.
44150443
What are the prime factors of 625684099?
17, 43, 571, 1499
What are the prime factors of 3599816164?
2, 7, 17, 541, 1997
What are the prime factors of 144545370?
2, 3, 5, 2027, 2377
What are the prime factors of 1284653577?
3, 2243, 190913
What are the prime factors of 48492350?
2, 5, 29, 53, 631
List the prime factors of 576863491.
576863491
List the prime factors of 264863289.
3, 88287763
List the prime factors of 50308538.
2, 7, 43, 193, 433
What are the prime factors of 4577277422?
2, 19, 120454669
What are the prime factors of 2317141342?
2, 1158570671
What are the prime factors of 102200136?
2, 3